1 - 95148*y**2 + y + 95142*y**2. What is b(g)?
-7
Let s be 2184/(-1274)*(-14)/6. Let q(a) be the third derivative of -a**4/8 - 2*a**2. Determine q(s).
-12
Let n = 86 - 117. Let v = 40 + n. Let t(g) = g - 11. Calculate t(v).
-2
Suppose u + 4*t = 4*u - 5, 3*t = 4*u - 9. Let k(x) = 11*x + x**2 + 4*x**2 - x**3 - 2*x - u. Let d be -3 + (6/(-27) - 249/(-27)). Determine k(d).
15
Let k(p) be the first derivative of -p**4/4 - 8*p**3/3 - 3*p**2/2 + 6*p + 939. What is k(-7)?
-22
Let z be 4*(-4)/(-16)*-1 - -6. Let a(l) be the second derivative of l**4/6 - 5*l**3/3 + 2*l**2 + 4*l + 90. What is a(z)?
4
Let d = 40 + -39. Let v = d + -3. Let g = 3 - v. Let b(x) = x**3 - 6*x**2 + x - 1. What is b(g)?
-21
Let s(r) = -246316*r**2 + 246308*r**2 + 6 - 2*r - 5. Give s(-2).
-27
Suppose 5*l + 17 = 3*k, -k - l + 4*l = -7. Let y(a) = -a**2 + 4*a + 8. What is y(k)?
8
Let b(j) = 23*j**2 + 5*j - 3. Let s(d) be the second derivative of 9*d**4/4 + 5*d**3/6 - 3*d**2/2 - 71*d. Let w(y) = -7*b(y) + 6*s(y). Determine w(2).
-3
Let d(n) be the second derivative of n**5/20 - n**4/4 - n**3/6 + n**2 + 37*n + 309. Let a be (0 - 2)*6/(-4). What is d(a)?
-1
Let z be (-2)/((-2)/(54/(-3))). Let g be (z/(-63))/((-2)/(-28)). Let t(b) be the third derivative of -b**5/60 + b**4/12 + b**3/2 + 2*b**2. Determine t(g).
-5
Let m(b) = b**3 + 4*b**2 - 5. Suppose -3*w - 4*v = -9, w + v = -2*v + 3. Suppose -w*u = -228 + 240. Determine m(u).
-5
Suppose -g + 16 = 4*a, 17 = 3*a - 4*a + 5*g. Let r(i) = -4 + 12 - a - 4*i**2 - 6 + i. Suppose 5*s + 4 = 4*c - 2, 0 = -s - 5*c - 7. Calculate r(s).
-19
Let u(v) = 2*v**2 + v - 5. Let c(z) = 19 - 5 - 13. Let j(q) = -6*c(q) - u(q). Calculate j(2).
-11
Suppose 5*m + 62 = 4*v, -2*m - m + 42 = 2*v. Suppose 41*f - 46 = v*f. Let g(s) = -6*s**2 + 2*s + 2. Calculate g(f).
-18
Let j(d) = -7*d**3 - 10*d**2 + 180*d. Let l(n) = 4*n**3 + 5*n**2 - 90*n. Let c(b) = 3*j(b) + 5*l(b). Let k(o) be the second derivative of c(o). Calculate k(-7).
32
Let m(x) = -x. Let c(n) = -9*n - 24. Suppose -4*u - l - 3*l = 28, u + 5*l = -19. Let w(f) = u*m(f) + c(f). Let j be w(-6). Let r(h) = -h + 5. Determine r(j).
-1
Let x be 16 + (-9)/((-81)/(-63)). Let s(i) = 2*i + 17. Let u(z) = 5*z + 36. Let g(j) = 7*s(j) - 3*u(j). Give g(x).
2
Suppose -4*h + 12 = 4*d, -h - 5*d + 7 = -0*h. Let i(r) = -1 + 1 - 460*r**2 + 2 - 4*r + 459*r**h. Determine i(-4).
2
Let r(s) = 15*s**2 - 1. Suppose -3*y + 12 = 9. Let h be ((-1 - y)/(-8))/((-6)/(-24)). Calculate r(h).
14
Let k = 29 - 21. Let m(x) = 2301 - 4600 + 2288 - 2*x. Determine m(k).
-27
Suppose -21 = 10*h - 13*h. Let u(o) = -4*o + o**2 + 3 + 66 - 2*o - 79. Give u(h).
-3
Let z = 632 + -630. Let l(d) = -6 + 0 + 6*d**2 - 2*d**z - d**3 + 8 + 2. Let n = 6 - 2. What is l(n)?
4
Suppose 0 = 2*s - 2*n - 0 - 4, -5*n = 5*s - 10. Suppose -4*j + 0*c = -2*c - 18, -5*c - 17 = 4*j. Let w(f) = -8*f**2 + 8*f**j + 10*f - 7 - f**s. Determine w(7).
14
Let h(l) = -l - 3. Suppose 2*r - 15 = -r, -3*r - 37 = -4*f. Suppose f*a = 8*a - 225. Let v be ((a/(-10))/9)/(1/(-10)). Calculate h(v).
2
Suppose 16*j - 33 = 5*j. Suppose 12*d - 8*d + p = 13, -j*p + 3 = 0. Let x(b) = b - 6. Give x(d).
-3
Let l(h) = -2*h + 3. Let b = -33 + 36. Suppose 0 = -b*u + 11 - 2. Suppose 5*r + 8*o = u*o - 10, 4*r = -5*o - 7. Determine l(r).
9
Let j(s) be the third derivative of -s**6/120 + 7*s**5/60 - s**4/6 + 7*s**3/6 - 3640*s**2. Determine j(6).
19
Let x(w) = 2*w - 2. Suppose -2*p + 7*p = -3*i - 10, -3*p - 6 = -3*i. Suppose 5*h - 3*q - 11 = 4, i = -h + 4*q - 14. What is x(h)?
10
Suppose 181 = -5*b + 36. Let k = -35 - b. Let i = k - -2. Let f(z) = z**3 + 3*z**2 - 4*z + 2. Calculate f(i).
2
Let p(t) = 6*t - 35. Suppose 13*a + 36 = 7*a, -75 = -3*x + 3*a. Determine p(x).
79
Let d be (1309/(-374))/((-2)/16*14). Let x(k) = 35*k**2 - 4*k + 5. Determine x(d).
137
Let c(p) = -2. Let x(v) = -v - 4. Let r(t) = 5*c(t) - 3*x(t). Let n(i) = -i**2 + 4*i + 37. Let j be n(8). Give r(j).
17
Let v(j) = -21*j**3 - 3*j**2 + 2*j - 8. Let i(p) = -8*p**3 - p - 1. Let t(c) = -3*i(c) + v(c). Calculate t(2).
17
Let d = 1888 + -1937. Let b(q) = -q**3 - 51*q**2 - 96*q + 99. Calculate b(d).
1
Let l(j) = 185 - 71 - 50 - 60 - 5*j - 32. Give l(-7).
7
Let t be 5 + -5 + (4 - -15). Let k(a) = -a**3 + 18*a**2 + 19*a - 7. Calculate k(t).
-7
Let q = 86 - 86. Suppose q*b + b + 26 = -5*t, 0 = b - 4. Let z be ((-10)/t)/(20/72). Let k(i) = -i + 6. What is k(z)?
0
Suppose 2*s - 4*b = 22, 12*b = 10*b - 10. Let v(t) = -3 + 21*t + s - 16*t. Determine v(1).
3
Let m be (4/(-12) + 1)/((-10)/(-75)). Suppose 14*h - 18 = m*h. Let r(f) = 10*f - f - f**2 - 7 - h + 2. What is r(7)?
7
Let p(r) = 2*r + 80. Let y be 10/4*234/(-390) + 102/(-4). Determine p(y).
26
Let w(f) be the third derivative of -f**8/10080 - f**7/5040 - 41*f**5/60 - 6*f**2. Let b(h) be the third derivative of w(h). Give b(-3).
-15
Suppose 34*n + 24 = 19*n + 27*n. Let s(b) be the first derivative of b**2 + 2*b - 1. What is s(n)?
6
Let p = 281 - 284. Let g(u) = -u - 3. Let d be g(p). Let l(r) = 5*r**3 - r**2 + r. Let q(o) = -o**3. Let c(k) = l(k) + 6*q(k). What is c(d)?
0
Let a(x) be the third derivative of -x**6/120 + 2*x**5/5 - 59*x**4/12 - 11*x**3/6 + 132*x**2 - 24*x. What is a(17)?
6
Let t(y) = -2*y**2 - 16*y - 10. Let u be 1/7 - 4266/(-126). Suppose 4*x + u = -3*j, 2*x + 10*j + 12 = 11*j. Determine t(x).
4
Let x(k) = -4*k + k + 5*k + 23*k + 3*k + 5. Determine x(0).
5
Let q(s) = -7*s**2 + 9*s. Suppose 19 = d - 4*z + 25, -7*d + 5*z = -27. Calculate q(d).
-198
Suppose -5*l + 2*c = -23, -2*c - 13 = -26*l + 23*l. Let t(g) = -3*g + 30. Calculate t(l).
15
Let c = 198 - 186. Suppose 0 = 5*i - 10*i + 15. Suppose -b = -p - 4, i*p - c = -10*b + 5*b. Let x(v) = -v**2 + 5*v + 4. Determine x(b).
10
Let i(r) = r**3 + 27*r**2 + 75*r + 71. Let l be i(-24). Let p(n) = n + 1. Let q(o) = -19*o - 7. Let u(h) = 6*p(h) + q(h). Give u(l).
12
Let g(l) be the first derivative of -3*l + 17 - 15/2*l**2. Give g(-2).
27
Let g(d) be the second derivative of 1/6*d**4 - 3*d**2 - 10*d - 5/6*d**3 + 0. Give g(5).
19
Suppose 2*k - 13*k = -154. Let b(x) = -2*x - k*x**2 + 31*x**2 - 16*x**2 - 2. Calculate b(2).
-2
Let h(r) = -r**3 + 3*r**2 + 4*r + 6. Let k(m) = 10*m**2 - 10*m + 16. Let o be k(3). Suppose 36 = -8*i + o. Determine h(i).
-24
Let g(p) = 2*p**2 - 16*p + 5. Let o be ((-1)/(-2) + -1)/(1099/(-15386)). Determine g(o).
-9
Let u(d) = -5*d**2 + d - 1. Let l(z) = -27*z**2 + 5*z - 6. Suppose 5*c + 357 = 877. Let t be (-1131)/c - 2/16. Let b(f) = t*u(f) + 2*l(f). Calculate b(-1).
1
Let c(r) be the third derivative of -13*r**4/8 - r**3/6 + 2087*r**2 - 1. Give c(-1).
38
Suppose 93*c = 163*c - 81*c + 88. Let k(y) = 20*y - 150. Determine k(c).
10
Let s(c) = c**2 - 3*c + 3. Let w(f) = -f**3 - 16*f**2 - 16*f + 2. Let m be w(-15). Suppose o = m*o - 96. Let u be (15/10)/(o/16). Calculate s(u).
7
Let g(o) = -o**3 - 17*o**2 - 11*o + 15. Let s(k) = k**3 + 32*k**2 + 17*k - 29. Let m(u) = -5*g(u) - 3*s(u). Calculate m(5).
7
Suppose -4*u = u + 10. Let o(z) be the first derivative of -z**5/20 - z**4/6 + z**3/6 - z**2 - 2*z + 5. Let n(b) be the first derivative of o(b). Give n(u).
-4
Let h(x) = -x**3 + 2*x**2 + 5*x - 2. Let q be h(3). Let t(b) be the third derivative of -b**5/60 + b**4/6 + 26*b**2 + 74*b. What is t(q)?
0
Let p = -534 + 527. Let u(g) = -g - 10 - 11*g**2 - 8*g + 5*g**2 + 5*g**2. Calculate u(p).
4
Suppose m + 1 = -2*l, 5*m = -3*l - 8 - 11. Let x(s) = -705*s**2 + 0*s**3 - 2*s + l - 4 + 709*s**2 - s**3. What is x(2)?
2
Let p(f) = 4*f**2 - f + 1. Let g be 108/24 - 28/8. Determine p(g).
4
Let r(p) = -178*p - 1485. Let y(l) = -42*l - 371. Let a(w) = 2*r(w) - 9*y(w). Give a(-17).
-5
Let i(v) = -v**3 + 5*v**2 + 31*v - 6. Let b be i(-4). Let y(l) = l**2 - 15*l + 18. Determine y(b).
4
Let a(v) = -54*v + 90 + v**2 - 10*v - 2*v**2 + 16*v. Calculate a(-50).
-10
Let a(f) be the third derivative of 1/8*f**4 - 1/120*f**5 + 0 + 0*f + 16*f**2 + 7/3*f**3. Let d(l) be the first derivative of a(l). Determine d(-7).
10
Let x = 9 + -13. Let t(i) = -736*i - 2 + 737*i + 1 - 2. Give t(x).
-7
Let y(q) be the third derivative of q**4/12 - 5*q**3/6 + 2*q**2 - 3*q. What is y(-4)?
-13
Let x(o) = -o**2 - 5*o - 4. Let m(d) = -d - 1. Let w(l) = 3*m(l) - x(l). Suppose 0 = 8*v + 12 + 4. Give w(v).
1
Let k = -7627 - -7625. Let j(v) = -v**3 - 4*v**2 - 7*v - 1. Dete